{"id":31,"date":"2021-03-30T07:34:43","date_gmt":"2021-03-30T07:34:43","guid":{"rendered":"http:\/\/bademcikkucultulmesi.com\/?page_id=31"},"modified":"2021-03-30T07:34:43","modified_gmt":"2021-03-30T07:34:43","slug":"dr-tuncay-ozcelik","status":"publish","type":"page","link":"https:\/\/bademcikkucultulmesi.com\/index.php\/dr-tuncay-ozcelik\/","title":{"rendered":"Dr. Tuncay \u00d6z\u00e7elik"},"content":{"rendered":"<p><img loading=\"lazy\" decoding=\"async\" class=\"size-full wp-image-3674 alignleft\" src=\"https:\/\/www.tuncayozcelik.com\/wp-content\/uploads\/2021\/02\/tuncayresim.jpg\" alt=\"\" width=\"194\" height=\"225\" \/><\/p>\n<p>1960 Y\u0131l\u0131nda Ankara \u2018da do\u011fdum. \u0130lk-Orta ve Liseyi Ankara\u2019da bitirdikten sonra 1977 y\u0131l\u0131nda Hacettepe T\u0131p Fak\u00fcltesine girdim. Ayn\u0131 y\u0131l T\u00fcbitak Bilim Adam\u0131 Yeti\u015ftirme Bursunu kazan\u0131p bu bursla 1984 y\u0131l\u0131nda Hacettepe T\u0131p Fak\u00fcltesinden mezun oldum. Mecburi hizmet sonras\u0131 1987 y\u0131l\u0131nda Hacettepe T\u0131p Fak\u00fcltesi Kulak-Burun-Bo\u011faz Klini\u011finde ihtisas\u0131ma ba\u015flad\u0131m ve 1991 y\u0131l\u0131nda ayn\u0131 klinikte ihtisas\u0131m\u0131 bitirerek Kulak-Burun-Bo\u011faz Hastal\u0131klar\u0131 ve Ba\u015f-Boyun Cerrahisi uzman\u0131 oldum. Uzman olduktan sonra 1992 y\u0131l\u0131nda yeni a\u00e7\u0131lan Ankara Bay\u0131nd\u0131r Hastanesi Kulak-Burun-Bo\u011faz Klini\u011finde \u00e7al\u0131\u015fmaya ba\u015flad\u0131m. 2000 y\u0131l\u0131nda Kulak-Burun-Bo\u011faz Hastal\u0131klar\u0131 ve Ba\u015f-Boyun Cerrahisi Do\u00e7enti oldum. Halen Ankara Bay\u0131nd\u0131r Hastanesinde \u00e7al\u0131\u015fmalar\u0131ma devam etmekteyim.<\/p>\n<p>Bu s\u00fcre\u00e7 i\u00e7erisinde ba\u015fl\u0131ca; 1995 y\u0131l\u0131nda Wisconsin \u00dcniversitesinde (ABD)sin\u00fcs ve ses hastal\u0131klar\u0131, 1999 y\u0131l\u0131nda Br\u00fcksel de (Bel\u00e7ika) ve K\u00f6ln de(Almanya) endoskopik sin\u00fcs cerrahisi, 1998 y\u0131l\u0131nda Vanderbilt \u00dcniversitesinde(ABD) ses hastal\u0131klar\u0131, 2004 y\u0131l\u0131nda Bangkok ta (Tayland) ileri d\u00fczey endoskopik sin\u00fcs cerrahisi, 2005 y\u0131l\u0131nda Floransa da(\u0130talya) fasiyal plastik cerrahisi, 2007 y\u0131l\u0131nda San Fransisko da(ABD) balonla sin\u00fczit tedavisi, 2013 y\u0131l\u0131nda Singapur ve Roma da (\u0130talya) de\u011fi\u015fik s\u00fcrelerle horlama ve uyku apnesi cerrahisi e\u011fitimleri ald\u0131m.<\/p>\n<p>\u00d6zel ilgi alanlar\u0131m; Fonksiyonel ve Estetik Burun ve Y\u00fcz Cerrahisi, Endoskopik Sin\u00fcs Cerrahisi, Horlama ve Uyku Apnesi Cerrahisi, \u00c7ocuk KBB Hastal\u0131klar\u0131d\u0131r.<\/p>\n","protected":false},"excerpt":{"rendered":"<p>1960 Y\u0131l\u0131nda Ankara \u2018da do\u011fdum. \u0130lk-Orta ve Liseyi Ankara\u2019da bitirdikten sonra 1977 y\u0131l\u0131nda Hacettepe T\u0131p Fak\u00fcltesine girdim. Ayn\u0131 y\u0131l T\u00fcbitak Bilim Adam\u0131 Yeti\u015ftirme Bursunu&#46;&#46;&#46;<\/p>\n","protected":false},"author":1,"featured_media":0,"parent":0,"menu_order":0,"comment_status":"closed","ping_status":"closed","template":"","meta":{"_joinchat":[],"footnotes":""},"class_list":["post-31","page","type-page","status-publish","hentry"],"_links":{"self":[{"href":"https:\/\/bademcikkucultulmesi.com\/index.php\/wp-json\/wp\/v2\/pages\/31","targetHints":{"allow":["GET"]}}],"collection":[{"href":"https:\/\/bademcikkucultulmesi.com\/index.php\/wp-json\/wp\/v2\/pages"}],"about":[{"href":"https:\/\/bademcikkucultulmesi.com\/index.php\/wp-json\/wp\/v2\/types\/page"}],"author":[{"embeddable":true,"href":"https:\/\/bademcikkucultulmesi.com\/index.php\/wp-json\/wp\/v2\/users\/1"}],"replies":[{"embeddable":true,"href":"https:\/\/bademcikkucultulmesi.com\/index.php\/wp-json\/wp\/v2\/comments?post=31"}],"version-history":[{"count":1,"href":"https:\/\/bademcikkucultulmesi.com\/index.php\/wp-json\/wp\/v2\/pages\/31\/revisions"}],"predecessor-version":[{"id":34,"href":"https:\/\/bademcikkucultulmesi.com\/index.php\/wp-json\/wp\/v2\/pages\/31\/revisions\/34"}],"wp:attachment":[{"href":"https:\/\/bademcikkucultulmesi.com\/index.php\/wp-json\/wp\/v2\/media?parent=31"}],"curies":[{"name":"wp","href":"https:\/\/api.w.org\/{rel}","templated":true}]}}

Dr. Tuncay Özçelik

<p><img loading="lazy" decoding="async" class="size-full wp-image-3674 alignleft" src="https://www.tuncayozcelik.com/wp-content/uploads/2021/02/tuncayresim.jpg" alt="" width="194" height="225" /></p>
<p>1960 Yılında Ankara ‘da doğdum. İlk-Orta ve Liseyi Ankara’da bitirdikten sonra 1977 yılında Hacettepe Tıp Fakültesine girdim. Aynı yıl Tübitak Bilim Adamı Yetiştirme Bursunu kazanıp bu bursla 1984 yılında Hacettepe Tıp Fakültesinden mezun oldum. Mecburi hizmet sonrası 1987 yılında Hacettepe Tıp Fakültesi Kulak-Burun-Boğaz Kliniğinde ihtisasıma başladım ve 1991 yılında aynı klinikte ihtisasımı bitirerek Kulak-Burun-Boğaz Hastalıkları ve Baş-Boyun Cerrahisi uzmanı oldum. Uzman olduktan sonra 1992 yılında yeni açılan Ankara Bayındır Hastanesi Kulak-Burun-Boğaz Kliniğinde çalışmaya başladım. 2000 yılında Kulak-Burun-Boğaz Hastalıkları ve Baş-Boyun Cerrahisi Doçenti oldum. Halen Ankara Bayındır Hastanesinde çalışmalarıma devam etmekteyim.</p>
<p>Bu süreç içerisinde başlıca; 1995 yılında Wisconsin Üniversitesinde (ABD)sinüs ve ses hastalıkları, 1999 yılında Brüksel de (Belçika) ve Köln de(Almanya) endoskopik sinüs cerrahisi, 1998 yılında Vanderbilt Üniversitesinde(ABD) ses hastalıkları, 2004 yılında Bangkok ta (Tayland) ileri düzey endoskopik sinüs cerrahisi, 2005 yılında Floransa da(İtalya) fasiyal plastik cerrahisi, 2007 yılında San Fransisko da(ABD) balonla sinüzit tedavisi, 2013 yılında Singapur ve Roma da (İtalya) değişik sürelerle horlama ve uyku apnesi cerrahisi eğitimleri aldım.</p>
<p>Özel ilgi alanlarım; Fonksiyonel ve Estetik Burun ve Yüz Cerrahisi, Endoskopik Sinüs Cerrahisi, Horlama ve Uyku Apnesi Cerrahisi, Çocuk KBB Hastalıklarıdır.</p>

<p>1960 Yılında Ankara ‘da doğdum. İlk-Orta ve Liseyi Ankara’da bitirdikten sonra 1977 yılında Hacettepe Tıp Fakültesine girdim. Aynı yıl Tübitak Bilim Adamı Yetiştirme Bursunu&#46;&#46;&#46;</p>
